 Suppose 4*i = 4*k + 88, 5*i + n*k = 3*k + 60. Suppose 3*y - 5*y = -3*f + 51, 4*y + i = f. List the prime factors of f.
17
Suppose -q = -0*q - 7. What are the prime factors of q?
7
Let s = 119 - -65. List the prime factors of ((-3)/(-12))/(2/s).
23
Let h(p) = -4*p + 1. Let s be h(-1). Suppose -5*n = 3*m, 0 = -s*n - 3*m - m. Let j = 2 + n. What are the prime factors of j?
2
Let x(j) = -j**2 + 11*j - 7. Let z be x(10). Suppose -s - z*c = -4*c - 29, -2*c + 67 = 3*s. List the prime factors of s.
5
What are the prime factors of (345/10 - -1)*2?
71
Suppose u = 5*a + 8, -4*a - 40 = 2*u - 7*u. Let p(n) = -3*n - 20. Let y be p(-6). What are the prime factors of (-8)/(u/6 + y)?
2, 3
Let w = 17 - 12. Suppose f + 65 = w*b - 4*f, 2*f - 34 = -3*b. List the prime factors of b.
2, 3
Let b(s) = 11*s - 1. Let r be b(-1). List the prime factors of r/(-15)*3*5.
2, 3
Let g be (2 - 0)/1 - -5. Suppose -x - f + g = 0, 4*f = -x + 2*f + 8. What are the prime factors of x?
2, 3
Suppose -a = -0 - 5. Let y = 11 - a. What are the prime factors of y?
2, 3
Suppose -3*t = 4*z - 11, 0*z - 2*z = -5*t + 27. Suppose y = t*y - 120. List the prime factors of (8/5)/(4/y).
2, 3
Suppose u - 2*u = -6. Suppose -5*r + u = -3*r. What are the prime factors of r?
3
Let s be (-81)/(-5) - 1/5. Let g be (-6)/(-12) - (-55)/2. Let p = g - s. List the prime factors of p.
2, 3
Let m be (4/(-6))/(2/(-15)). Suppose -3*b + 45 = -c, -3*b - m*c = -0*b - 63. What are the prime factors of b?
2
Suppose 5*j - 675 = -5*c, j + 506 + 14 = 4*c. List the prime factors of c.
131
Suppose 23 = 8*t - 7*t. Suppose 4*g = -6*s + 4*s, -4*s + 40 = -2*g. Suppose 3*l - t = d - 5*d, 4*d = s. List the prime factors of l.
5
Let p(s) = -2*s - 1. Let y = 2 - 3. Let o be p(y). What are the prime factors of (o/1)/((-3)/(-36))?
2, 3
Let p be 1 + (11 - (-2 + 4)). Suppose -r + 2 + p = 0. List the prime factors of r.
2, 3
Let u = -21 - -33. Let a = 22 - u. Suppose 2*t = t + 3*r - 1, -5*r + a = 0. List the prime factors of t.
5
Let s be 2/(-12) - (-3)/18. Suppose 5*k - 2*d = 63, -k + s*k - 3*d = -16. What are the prime factors of k?
13
Let p(t) = t + 2. Let d be p(6). Suppose 3*i - d = -i. Suppose -1 = -j, l = 2*l + i*j - 8. List the prime factors of l.
2, 3
Let y = 161 + -46. Suppose -7*r + y = -2*r. List the prime factors of r.
23
Let o = 0 - -5. Let n(x) = o - 8 + 2*x - 3*x. What are the prime factors of n(-5)?
2
Let u(d) = 7*d - 2. Let h be u(-2). Let f = h - -30. List the prime factors of f.
2, 7
Suppose 7*z - 1288 = -0*z. What are the prime factors of z?
2, 23
Suppose -4*k - 4*i + 77 = 25, 0 = k - 2*i - 1. Suppose 0 = -5*b - 4*a + 46, 0 = -4*b - 4*a - 22 + 62. Let d = k - b. What are the prime factors of d?
3
Suppose -2*h = -2 - 2. Suppose 4*o = 3*u + 45, 0 = h*o + o - 2*u - 33. What are the prime factors of o?
3
Suppose -21 = -f - 2*k - 3*k, -2*f + 3*k + 3 = 0. Let p = 9 - f. What are the prime factors of p?
3
Suppose -f - 9 = -5*a + 21, f + 24 = 4*a. Suppose 0 = a*r - r - 3*i - 55, 2*i + 18 = 2*r. List the prime factors of r.
2, 7
Let x(z) = -z**3 + z**2 - z + 2. Let l be x(0). Let i be l/6 - 150/(-9). Let q = -12 + i. What are the prime factors of q?
5
Let f(g) = -3*g**3 - 8*g - 6. What are the prime factors of f(-3)?
3, 11
Suppose -2271 = -5*t - 161. What are the prime factors of t?
2, 211
Let y(m) = -m + 140. What are the prime factors of y(0)?
2, 5, 7
Suppose -4*f + 11 = 3. Let a = 1 - f. Let r = 1 - a. What are the prime factors of r?
2
Let t be 1*8/(-6)*-3. Suppose 10 = 2*q, -t*w - 4*q + 3 = 11. What are the prime factors of w*(1 + -2 + 0)?
7
Let w(k) = -63*k**2. Let f be w(1). Let r = -31 - f. What are the prime factors of r?
2
Let n(b) = -b**2 + 8*b - 3. Let u be n(5). Let q be ((-8)/(-14))/((-1)/(-7)). Suppose -6*y + u = -q*y. List the prime factors of y.
2, 3
Let r(y) be the second derivative of -y**4/12 + 4*y**3/3 - 5*y. List the prime factors of r(5).
3, 5
Let h = 13 - 8. Suppose 10*u - h*u = 40. What are the prime factors of u?
2
Suppose -7 + 51 = -4*w. Let b(p) = -p**3 - 12*p**2 - 11*p + 9. What are the prime factors of b(w)?
3
Let l = -200 - -346. Let k = l - 80. List the prime factors of (k/(-12))/(1/(-2)).
11
Let v = 202 - 126. List the prime factors of v.
2, 19
Let c(w) = 19*w - 27. What are the prime factors of c(6)?
3, 29
Let c(w) = 2*w + 276. List the prime factors of c(0).
2, 3, 23
Suppose 5*f - 70 = -u, 3*u = 8 + 7. List the prime factors of f.
13
List the prime factors of 34 - (-2 + 0 - -1).
5, 7
Suppose -9 = -u - 2*j, 5*u + 0*j + j - 18 = 0. Suppose -z + u*l = l + 2, 2*l = 4*z - 16. What are the prime factors of z?
2, 3
List the prime factors of (-4 - -4) + (-1 - -1 - -166).
2, 83
Suppose 12*f - 11*f = 30. List the prime factors of f.
2, 3, 5
Suppose -6 = -m - 1. Suppose -5*k + 5*w + 205 = 0, 0*k + 4*k = m*w + 160. What are the prime factors of k?
3, 5
Suppose 5*m + 2 = -4*k, -m + 3*m + 11 = -5*k. List the prime factors of (1 - 1)/k - -8.
2
Suppose 4*m + 272 = 4*u, -228 = -u - 2*u - 5*m. What are the prime factors of u?
71
Let w = 15 + 20. What are the prime factors of w?
5, 7
Let y(v) = v**3 - 7*v**2 - 6*v - 11. Let f be y(8). Suppose -4*w + 20 = 3*a, 4*a - 5*w - 63 = f. What are the prime factors of a?
2, 3
Suppose 0*d = -4*d. Suppose -3*a + a = d. Suppose 2*z = a, 3*z - 5 = -2*q + 7. List the prime factors of q.
2, 3
Let p(w) = w - 3. Let c(b) = -7*b + 19. Let y(i) = -6*c(i) - 39*p(i). What are the prime factors of y(7)?
2, 3
Let y(d) = -2*d - 4. Let b be y(-3). Suppose 1 - b = -l. What are the prime factors of 12 + -1 + l + -2?
2, 5
What are the prime factors of 7790/50 - 8/10?
5, 31
Let u(w) = w**3 - 2*w**2 - w + 2. Let t be (4/5)/((-10)/(-25)). Let v be u(t). What are the prime factors of (-1 + v)/((-3)/45)?
3, 5
Let m(w) = 5*w**2 - 38*w + 15. Let c(s) = -24*s + 2*s**2 + 14 - s + s**2 - 4. Let v(z) = 8*c(z) - 5*m(z). List the prime factors of v(-8).
3, 7
Suppose 29*k = 12*k + 1003. What are the prime factors of k?
59
Let j(q) = q + 1. Let w be j(1). Let z be 48/3 - w/1. Let i = z - 8. List the prime factors of i.
2, 3
Suppose 3*q + 80 = 329. Suppose 3*o = 5*l - o - q, l = -4*o + 31. What are the prime factors of l?
19
Suppose 6*j = 3*j + 3. Let l be (3 + -1 - 4) + j. What are the prime factors of (5/(-15))/(l/9)?
3
Suppose 5*v = 111 - 26. What are the prime factors of v?
17
Suppose -y + 264 = -5*t, 5*y = -t + 1130 + 60. What are the prime factors of y?
239
Suppose 3*q = 4*q - 16. Let x = 27 - q. What are the prime factors of x?
11
Let j(t) = 81*t**2. List the prime factors of j(-1).
3
Let j be 33/12 + (-1)/(-4). Let q be 3 - (-1 + j) - 0. List the prime factors of (q*-2 - -4) + 3.
5
Let i(b) = 9*b - 1. What are the prime factors of i(4)?
5, 7
Let v be 2*(-2 + 1) - 17. Let j = 42 + v. Let a = j - 14. List the prime factors of a.
3
Let i(v) = v + 7. Let p be i(-5). Suppose -p*h = -0*h - 20. What are the prime factors of h?
2, 5
Suppose 0 = -o - h - 12, 0 = 4*o - 2*o - 3*h - 1. Let m be ((-4)/6)/(o/42). Suppose 2*z + 2 - 24 = m*t, -4*z + 5*t + 47 = 0. What are the prime factors of z?
13
Let k = -6 + 8. What are the prime factors of 2 + -2 + k + 0?
2
Let y = 3 + 1. Suppose 3*x = 3*a + 3, -4*x - y*a + 23 = -21. What are the prime factors of x?
2, 3
Let o(z) = -565*z**3 - 3*z**2 + 2*z - 2. Let h be o(2). What are the prime factors of h/(-110) + 4/(-22)?
41
Let g = -2 - -4. Suppose -2*h - g = -3*h. What are the prime factors of h/(-8) + (-17)/(-4)?
2
Let m be (-2)/8 + 65/20. List the prime factors of 14 - (m - (-1 + 1)).
11
Let w = -29 + 16. Let k = 19 + w. List the prime factors of k.
2, 3
Let b(k) = k**3 - 6*k**2 - 6*k + 9. What are the prime factors of b(8)?
89
List the prime factors of 1/(-2)*(-111 - -5).
53
Let a = -13 - -17. List the prime factors of a.
2
List the prime factors of (3 - 2) + -4 + 43.
2, 5
Let r(j) = -7*j - 7 + 2 + 2. List the prime factors of r(-6).
3, 13
Let v = 1 + 1. Let i be ((-4)/(-12))/(v/24). Let u = 0 + i. List the prime factors of u.
2
Let r = -10 + 23. Suppose 5*w - r = -2*n, -5*n - 3*w + 11 = -12. What are the prime factors of n?
2
Let t(g) = 0*g - g - 14 + 2*g. Let a be t(7). What are the prime factors of -1*(a + -1) + -2?
2, 3
Let i be -2*(9/(-6))/1. Suppose -i*j + 8 = -2*j. What are the prime factors of j?
2
Let k(i) be the second derivative of i**3/6 + i**2 - 2